{"id":438,"date":"2023-11-22T08:55:26","date_gmt":"2023-11-22T11:55:26","guid":{"rendered":"https:\/\/laguna.cdl-sc.org.br\/?page_id=438"},"modified":"2026-07-17T11:37:22","modified_gmt":"2026-07-17T14:37:22","slug":"cdl-mulher","status":"publish","type":"page","link":"https:\/\/laguna.cdl-sc.org.br\/?page_id=438","title":{"rendered":"CDL Mulher"},"content":{"rendered":"\t\t<div data-elementor-type=\"wp-page\" data-elementor-id=\"438\" class=\"elementor elementor-438\" data-elementor-post-type=\"page\">\n\t\t\t\t<div class=\"elementor-element elementor-element-13ef6e5 e-flex e-con-boxed e-con e-parent\" data-id=\"13ef6e5\" data-element_type=\"container\" data-settings=\"{&quot;background_background&quot;:&quot;gradient&quot;}\">\n\t\t\t\t\t<div class=\"e-con-inner\">\n\t\t\t\t<div class=\"elementor-element elementor-element-1036f0e elementor-widget elementor-widget-heading\" data-id=\"1036f0e\" data-element_type=\"widget\" data-widget_type=\"heading.default\">\n\t\t\t\t<div class=\"elementor-widget-container\">\n\t\t\t<style>\/*! elementor - v3.23.0 - 05-08-2024 *\/\n.elementor-heading-title{padding:0;margin:0;line-height:1}.elementor-widget-heading .elementor-heading-title[class*=elementor-size-]>a{color:inherit;font-size:inherit;line-height:inherit}.elementor-widget-heading .elementor-heading-title.elementor-size-small{font-size:15px}.elementor-widget-heading .elementor-heading-title.elementor-size-medium{font-size:19px}.elementor-widget-heading .elementor-heading-title.elementor-size-large{font-size:29px}.elementor-widget-heading .elementor-heading-title.elementor-size-xl{font-size:39px}.elementor-widget-heading .elementor-heading-title.elementor-size-xxl{font-size:59px}<\/style><h2 class=\"elementor-heading-title elementor-size-default\">CDL Mulher<\/h2>\t\t<\/div>\n\t\t\t\t<\/div>\n\t\t\t\t\t<\/div>\n\t\t\t\t<\/div>\n\t\t<div class=\"elementor-element elementor-element-eb97f72 e-con-full e-flex e-con e-parent\" data-id=\"eb97f72\" data-element_type=\"container\" data-settings=\"{&quot;background_background&quot;:&quot;classic&quot;}\">\n\t\t\t\t<\/div>\n\t\t<div class=\"elementor-element elementor-element-032b758 e-con-full e-flex e-con e-parent\" data-id=\"032b758\" data-element_type=\"container\">\n\t\t<div class=\"elementor-element elementor-element-97a6477 e-con-full e-flex e-con e-child\" data-id=\"97a6477\" data-element_type=\"container\" data-settings=\"{&quot;background_background&quot;:&quot;classic&quot;}\">\n\t\t\t\t<div class=\"elementor-element elementor-element-c83a12b elementor-widget__width-initial elementor-widget elementor-widget-heading\" data-id=\"c83a12b\" data-element_type=\"widget\" data-widget_type=\"heading.default\">\n\t\t\t\t<div class=\"elementor-widget-container\">\n\t\t\t<h2 class=\"elementor-heading-title elementor-size-default\">A<b> CDL Mulher \u2013 Ela Pode<\/b> \u00e9 um projeto da CDL Laguna criado para fortalecer, conectar e inspirar mulheres empreendedoras, l\u00edderes e profissionais que desejam crescer, inovar e transformar suas realidades por meio do empreendedorismo.\n\nMais do que um programa, o <b>Ela Pode<\/b> \u00e9 um movimento que incentiva o protagonismo feminino, promovendo encontros, palestras, capacita\u00e7\u00f5es, networking e a\u00e7\u00f5es que estimulam o desenvolvimento pessoal e profissional das participantes.\n\nAcreditamos que quando uma mulher empreende, ela gera oportunidades, movimenta a economia, inspira outras mulheres e fortalece toda a comunidade. Por isso, a CDL Mulher busca criar um ambiente de acolhimento, troca de experi\u00eancias e incentivo \u00e0 lideran\u00e7a, valorizando o potencial feminino e impulsionando novos neg\u00f3cios.\n\nNosso prop\u00f3sito \u00e9 oferecer conhecimento, conex\u00f5es e oportunidades para que cada mulher tenha confian\u00e7a para empreender, liderar e alcan\u00e7ar seus objetivo , trocar ex<span style=\"text-align: start;\">peri\u00eancias e compartilhar conhecimento com mulheres que tamb\u00e9m trabalham por sua independ\u00eancia e sucesso profissional. <\/span><br><\/h2>\t\t<\/div>\n\t\t\t\t<\/div>\n\t\t\t\t<\/div>\n\t\t<div class=\"elementor-element elementor-element-2d637c1 e-con-full e-flex e-con e-child\" data-id=\"2d637c1\" data-element_type=\"container\">\n\t\t\t\t<div class=\"elementor-element elementor-element-15929da elementor-widget elementor-widget-image\" data-id=\"15929da\" data-element_type=\"widget\" data-widget_type=\"image.default\">\n\t\t\t\t<div class=\"elementor-widget-container\">\n\t\t\t<style>\/*! elementor - v3.23.0 - 05-08-2024 *\/\n.elementor-widget-image{text-align:center}.elementor-widget-image a{display:inline-block}.elementor-widget-image a img[src$=\".svg\"]{width:48px}.elementor-widget-image img{vertical-align:middle;display:inline-block}<\/style>\t\t\t\t\t\t\t\t\t\t<img fetchpriority=\"high\" decoding=\"async\" width=\"2560\" height=\"1805\" src=\"https:\/\/laguna.cdl-sc.org.br\/wp-content\/uploads\/2026\/07\/IMG_7389-1-scaled.jpg\" class=\"attachment-full size-full wp-image-155751\" alt=\"\" srcset=\"https:\/\/laguna.cdl-sc.org.br\/wp-content\/uploads\/2026\/07\/IMG_7389-1-scaled.jpg 2560w, https:\/\/laguna.cdl-sc.org.br\/wp-content\/uploads\/2026\/07\/IMG_7389-1-300x212.jpg 300w, https:\/\/laguna.cdl-sc.org.br\/wp-content\/uploads\/2026\/07\/IMG_7389-1-1024x722.jpg 1024w, https:\/\/laguna.cdl-sc.org.br\/wp-content\/uploads\/2026\/07\/IMG_7389-1-768x542.jpg 768w, https:\/\/laguna.cdl-sc.org.br\/wp-content\/uploads\/2026\/07\/IMG_7389-1-1536x1083.jpg 1536w, https:\/\/laguna.cdl-sc.org.br\/wp-content\/uploads\/2026\/07\/IMG_7389-1-2048x1444.jpg 2048w\" sizes=\"(max-width: 2560px) 100vw, 2560px\" \/>\t\t\t\t\t\t\t\t\t\t\t\t\t<\/div>\n\t\t\t\t<\/div>\n\t\t\t\t<div class=\"elementor-element elementor-element-1c84224 elementor-absolute elementor-hidden-mobile elementor-widget elementor-widget-image\" data-id=\"1c84224\" data-element_type=\"widget\" data-settings=\"{&quot;_position&quot;:&quot;absolute&quot;}\" data-widget_type=\"image.default\">\n\t\t\t\t<div class=\"elementor-widget-container\">\n\t\t\t\t\t\t\t\t\t\t\t\t\t<img decoding=\"async\" width=\"768\" height=\"1815\" src=\"https:\/\/laguna.cdl-sc.org.br\/wp-content\/uploads\/2024\/11\/Ativo-4@4x-1-1-768x1815.png\" class=\"attachment-medium_large size-medium_large wp-image-154468\" alt=\"\" srcset=\"https:\/\/laguna.cdl-sc.org.br\/wp-content\/uploads\/2024\/11\/Ativo-4@4x-1-1-768x1815.png 768w, https:\/\/laguna.cdl-sc.org.br\/wp-content\/uploads\/2024\/11\/Ativo-4@4x-1-1-127x300.png 127w, https:\/\/laguna.cdl-sc.org.br\/wp-content\/uploads\/2024\/11\/Ativo-4@4x-1-1-433x1024.png 433w, https:\/\/laguna.cdl-sc.org.br\/wp-content\/uploads\/2024\/11\/Ativo-4@4x-1-1-650x1536.png 650w, https:\/\/laguna.cdl-sc.org.br\/wp-content\/uploads\/2024\/11\/Ativo-4@4x-1-1-866x2048.png 866w, https:\/\/laguna.cdl-sc.org.br\/wp-content\/uploads\/2024\/11\/Ativo-4@4x-1-1.png 1705w\" sizes=\"(max-width: 768px) 100vw, 768px\" \/>\t\t\t\t\t\t\t\t\t\t\t\t\t<\/div>\n\t\t\t\t<\/div>\n\t\t\t\t<\/div>\n\t\t\t\t<\/div>\n\t\t\t\t<\/div>\n\t\t","protected":false},"excerpt":{"rendered":"<p>CDL Mulher A CDL Mulher \u2013 Ela Pode \u00e9 um projeto da CDL Laguna criado para fortalecer, conectar e inspirar mulheres empreendedoras, l\u00edderes e profissionais que desejam crescer, inovar e transformar suas realidades por meio do empreendedorismo. Mais do que um programa, o Ela Pode \u00e9 um movimento que incentiva o protagonismo feminino, promovendo encontros, [&hellip;]<\/p>\n","protected":false},"author":282,"featured_media":0,"parent":0,"menu_order":0,"comment_status":"closed","ping_status":"closed","template":"elementor_header_footer","meta":{"_joinchat":[],"footnotes":""},"class_list":["post-438","page","type-page","status-publish","hentry"],"acf":[],"_links":{"self":[{"href":"https:\/\/laguna.cdl-sc.org.br\/index.php?rest_route=\/wp\/v2\/pages\/438","targetHints":{"allow":["GET"]}}],"collection":[{"href":"https:\/\/laguna.cdl-sc.org.br\/index.php?rest_route=\/wp\/v2\/pages"}],"about":[{"href":"https:\/\/laguna.cdl-sc.org.br\/index.php?rest_route=\/wp\/v2\/types\/page"}],"author":[{"embeddable":true,"href":"https:\/\/laguna.cdl-sc.org.br\/index.php?rest_route=\/wp\/v2\/users\/282"}],"replies":[{"embeddable":true,"href":"https:\/\/laguna.cdl-sc.org.br\/index.php?rest_route=%2Fwp%2Fv2%2Fcomments&post=438"}],"version-history":[{"count":67,"href":"https:\/\/laguna.cdl-sc.org.br\/index.php?rest_route=\/wp\/v2\/pages\/438\/revisions"}],"predecessor-version":[{"id":155754,"href":"https:\/\/laguna.cdl-sc.org.br\/index.php?rest_route=\/wp\/v2\/pages\/438\/revisions\/155754"}],"wp:attachment":[{"href":"https:\/\/laguna.cdl-sc.org.br\/index.php?rest_route=%2Fwp%2Fv2%2Fmedia&parent=438"}],"curies":[{"name":"wp","href":"https:\/\/api.w.org\/{rel}","templated":true}]}}

<div data-elementor-type="wp-page" data-elementor-id="438" class="elementor elementor-438" data-elementor-post-type="page">
				<div class="elementor-element elementor-element-13ef6e5 e-flex e-con-boxed e-con e-parent" data-id="13ef6e5" data-element_type="container" data-settings="{&quot;background_background&quot;:&quot;gradient&quot;}">
					<div class="e-con-inner">
				<div class="elementor-element elementor-element-1036f0e elementor-widget elementor-widget-heading" data-id="1036f0e" data-element_type="widget" data-widget_type="heading.default">
				<div class="elementor-widget-container">
			<style>/*! elementor - v3.23.0 - 05-08-2024 */
.elementor-heading-title{padding:0;margin:0;line-height:1}.elementor-widget-heading .elementor-heading-title[class*=elementor-size-]>a{color:inherit;font-size:inherit;line-height:inherit}.elementor-widget-heading .elementor-heading-title.elementor-size-small{font-size:15px}.elementor-widget-heading .elementor-heading-title.elementor-size-medium{font-size:19px}.elementor-widget-heading .elementor-heading-title.elementor-size-large{font-size:29px}.elementor-widget-heading .elementor-heading-title.elementor-size-xl{font-size:39px}.elementor-widget-heading .elementor-heading-title.elementor-size-xxl{font-size:59px}</style><h2 class="elementor-heading-title elementor-size-default">CDL Mulher</h2>		</div>
				</div>
					</div>
				</div>
		<div class="elementor-element elementor-element-eb97f72 e-con-full e-flex e-con e-parent" data-id="eb97f72" data-element_type="container" data-settings="{&quot;background_background&quot;:&quot;classic&quot;}">
				</div>
		<div class="elementor-element elementor-element-032b758 e-con-full e-flex e-con e-parent" data-id="032b758" data-element_type="container">
		<div class="elementor-element elementor-element-97a6477 e-con-full e-flex e-con e-child" data-id="97a6477" data-element_type="container" data-settings="{&quot;background_background&quot;:&quot;classic&quot;}">
				<div class="elementor-element elementor-element-c83a12b elementor-widget__width-initial elementor-widget elementor-widget-heading" data-id="c83a12b" data-element_type="widget" data-widget_type="heading.default">
				<div class="elementor-widget-container">
			<h2 class="elementor-heading-title elementor-size-default">A<b> CDL Mulher – Ela Pode</b> é um projeto da CDL Laguna criado para fortalecer, conectar e inspirar mulheres empreendedoras, líderes e profissionais que desejam crescer, inovar e transformar suas realidades por meio do empreendedorismo.

Mais do que um programa, o <b>Ela Pode</b> é um movimento que incentiva o protagonismo feminino, promovendo encontros, palestras, capacitações, networking e ações que estimulam o desenvolvimento pessoal e profissional das participantes.

Acreditamos que quando uma mulher empreende, ela gera oportunidades, movimenta a economia, inspira outras mulheres e fortalece toda a comunidade. Por isso, a CDL Mulher busca criar um ambiente de acolhimento, troca de experiências e incentivo à liderança, valorizando o potencial feminino e impulsionando novos negócios.

Nosso propósito é oferecer conhecimento, conexões e oportunidades para que cada mulher tenha confiança para empreender, liderar e alcançar seus objetivo , trocar ex<span style="text-align: start;">periências e compartilhar conhecimento com mulheres que também trabalham por sua independência e sucesso profissional. </span><br></h2>		</div>
				</div>
				</div>
		<div class="elementor-element elementor-element-2d637c1 e-con-full e-flex e-con e-child" data-id="2d637c1" data-element_type="container">
				<div class="elementor-element elementor-element-15929da elementor-widget elementor-widget-image" data-id="15929da" data-element_type="widget" data-widget_type="image.default">
				<div class="elementor-widget-container">
			<style>/*! elementor - v3.23.0 - 05-08-2024 */
.elementor-widget-image{text-align:center}.elementor-widget-image a{display:inline-block}.elementor-widget-image a img[src$=".svg"]{width:48px}.elementor-widget-image img{vertical-align:middle;display:inline-block}</style>										<img fetchpriority="high" decoding="async" width="2560" height="1805" src="https://laguna.cdl-sc.org.br/wp-content/uploads/2026/07/IMG_7389-1-scaled.jpg" class="attachment-full size-full wp-image-155751" alt="" srcset="https://laguna.cdl-sc.org.br/wp-content/uploads/2026/07/IMG_7389-1-scaled.jpg 2560w, https://laguna.cdl-sc.org.br/wp-content/uploads/2026/07/IMG_7389-1-300x212.jpg 300w, https://laguna.cdl-sc.org.br/wp-content/uploads/2026/07/IMG_7389-1-1024x722.jpg 1024w, https://laguna.cdl-sc.org.br/wp-content/uploads/2026/07/IMG_7389-1-768x542.jpg 768w, https://laguna.cdl-sc.org.br/wp-content/uploads/2026/07/IMG_7389-1-1536x1083.jpg 1536w, https://laguna.cdl-sc.org.br/wp-content/uploads/2026/07/IMG_7389-1-2048x1444.jpg 2048w" sizes="(max-width: 2560px) 100vw, 2560px" />													</div>
				</div>
				<div class="elementor-element elementor-element-1c84224 elementor-absolute elementor-hidden-mobile elementor-widget elementor-widget-image" data-id="1c84224" data-element_type="widget" data-settings="{&quot;_position&quot;:&quot;absolute&quot;}" data-widget_type="image.default">
				<div class="elementor-widget-container">
													<img decoding="async" width="768" height="1815" src="https://laguna.cdl-sc.org.br/wp-content/uploads/2024/11/Ativo-4@4x-1-1-768x1815.png" class="attachment-medium_large size-medium_large wp-image-154468" alt="" srcset="https://laguna.cdl-sc.org.br/wp-content/uploads/2024/11/Ativo-4@4x-1-1-768x1815.png 768w, https://laguna.cdl-sc.org.br/wp-content/uploads/2024/11/Ativo-4@4x-1-1-127x300.png 127w, https://laguna.cdl-sc.org.br/wp-content/uploads/2024/11/Ativo-4@4x-1-1-433x1024.png 433w, https://laguna.cdl-sc.org.br/wp-content/uploads/2024/11/Ativo-4@4x-1-1-650x1536.png 650w, https://laguna.cdl-sc.org.br/wp-content/uploads/2024/11/Ativo-4@4x-1-1-866x2048.png 866w, https://laguna.cdl-sc.org.br/wp-content/uploads/2024/11/Ativo-4@4x-1-1.png 1705w" sizes="(max-width: 768px) 100vw, 768px" />													</div>
				</div>
				</div>
				</div>
				</div>

<p>CDL Mulher A CDL Mulher – Ela Pode é um projeto da CDL Laguna criado para fortalecer, conectar e inspirar mulheres empreendedoras, líderes e profissionais que desejam crescer, inovar e transformar suas realidades por meio do empreendedorismo. Mais do que um programa, o Ela Pode é um movimento que incentiva o protagonismo feminino, promovendo encontros, [&hellip;]</p>
